. Let r = g + 38. List the prime factors of r.
11
Let y(h) = h**3 - 16*h**2 + h - 4. Let u be 14/(-8)*(-25 - -5). Let l = u + -19. List the prime factors of y(l).
2, 3
Let y(v) = -9*v**2 - 3*v + 2. Let c be y(1). Let k(r) = r**2 + 3*r + 3. What are the prime factors of k(c)?
73
Suppose 2 = -4*h + 5*h. Suppose -h*o - o = -324. List the prime factors of o.
2, 3
Let i = 63 + -55. Let w = 8 - 2. List the prime factors of 12 - w*(-4)/i.
3, 5
Suppose 2*f + 3*c + 8 = f, f + c = 0. Suppose f*q - 153 = q. Suppose -5*a + v = -62, -a + 4*a + 4*v = q. List the prime factors of a.
13
Let k(m) = -196*m - 122. What are the prime factors of k(-7)?
2, 5
Suppose -29*q + 6 = -31*q, 4*s - 4*q = 8832. List the prime factors of s.
3, 5, 7
Let y be (25/50)/(2*2/24). Suppose -104 = -5*d + 2*d + q, -y*d + 119 = -4*q. What are the prime factors of d?
3, 11
Let j(b) = 4*b - 3. Let l(s) = s + 1. Let r(k) = j(k) + l(k). Suppose 4*t - 8 = 0, g = -4*t + t + 7. List the prime factors of r(g).
3
Suppose -47*g + 33*g + 29540 = 0. List the prime factors of g.
2, 5, 211
Suppose 2466 = 6*n + 120. What are the prime factors of n?
17, 23
Suppose -4*a + 5*j = -0*a + 11, -j = -5*a + 2. What are the prime factors of 1 + -43*(0 - a)?
2, 11
Let p(m) be the third derivative of m**4/4 + 17*m**3/6 - 10*m**2. What are the prime factors of p(6)?
53
Suppose -2 = -5*a + 18, -2*i + 4*a = -168. What are the prime factors of i?
2, 23
Let k = -61 + 61. Suppose 0*a = -5*a - 3*x + 29, k = -5*a + 5*x + 5. What are the prime factors of a?
2
Suppose 2*k = g - 0*k + 12, -8 = -2*k. Let p(c) = -3*c**3 + c**2 - 12*c - 12. What are the prime factors of p(g)?
2, 61
Suppose 8*b + 680 = 12*b. Suppose 0 = 4*f - 442 - b. Suppose j + 2*j = f. List the prime factors of j.
3, 17
Let r(u) be the second derivative of -u**3/3 + 4*u**2 + 10*u. Suppose -9 = 2*q + 13. What are the prime factors of r(q)?
2, 3, 5
Let p = -2 + -4. Let a = -26 + 12. Let i = p - a. What are the prime factors of i?
2
Suppose 0 = -4*a - 2003 + 13031. What are the prime factors of a?
3, 919
Let s(l) = -l**3 + 10. Let y be s(0). What are the prime factors of y/(-25) - (-1)/(10/1674)?
167
Suppose -15 = 5*x, 4*y - 3*x + 4 = -7*x. Suppose -2*z + 52 = 2*z. Suppose -a = -z - y. What are the prime factors of a?
3, 5
Let s = -4562 + 7858. What are the prime factors of s?
2, 103
Let d(a) = 17*a**2 - 2. Let j be (20/25)/((-4)/10). Let q be d(j). Let x = q - 35. What are the prime factors of x?
31
Let p(x) = x**3 - 11*x**2 + 21*x - 12. Let l be p(10). Suppose 0*i = -i + 2, -5*i - 270 = 4*u. Let n = u + l. What are the prime factors of n?
2, 7
Let c(p) = 155*p + 1. Let j be c(1). Let z = j - 71. What are the prime factors of z?
5, 17
Let r(w) = 3*w + 23. Let y(p) = p**3 - 4*p**2 + 2*p - 5. Let z be y(4). Suppose z*c = 4*s - 0*c - 31, -s = 2*c - 5. What are the prime factors of r(s)?
2, 11
Let g(n) = 2*n**2 - 3*n**2 + 2 - 10*n + 0*n. List the prime factors of g(-5).
3
Let z = 415 - 81. What are the prime factors of z?
2, 167
Let q = -33 + 65. Suppose -4*w - k = -q, -5*k - 8 = w + 3. What are the prime factors of w?
3
Suppose t = 3*y + 92 - 32, -t + 64 = -y. Suppose t = -2*u + 4*u. What are the prime factors of u?
3, 11
Let h be ((-28)/5)/(-5 - (-3069)/615). Suppose -x = 5*l - h, l + 57 - 171 = -x. What are the prime factors of l?
5, 23
Suppose 0 = -4*w + 259 + 1821. List the prime factors of w.
2, 5, 13
Let a(f) = -11*f**2 - 3*f - 6. Let y(o) = -22*o**2 - 6*o - 12. Let g(t) = -9*a(t) + 4*y(t). List the prime factors of g(-2).
2, 11
Let i = 84 - 89. Let b = 286 + i. What are the prime factors of b?
281
Let w(a) be the second derivative of a**5/20 + a**3/6 + 137*a**2/2 - 9*a. List the prime factors of w(0).
137
Suppose 5*m + 3 = 18. Suppose 3*l + 4*a = 111 - 1914, -m*a = 0. What are the prime factors of 8/36 + l/(-9)?
67
Suppose 2*i - 758 = -4*t + 8*t, 0 = 5*i - 3*t - 1874. What are the prime factors of i?
373
Let m = -131 + 180. List the prime factors of m.
7
Let j(b) = -2*b**2 - 10*b + 3. Let z be j(-5). Let s be (-7)/(z/6*-2). Let a = 4 + s. What are the prime factors of a?
11
Let m(c) = -c - 1. Let i(v) = -8*v + 14. Let h(d) = i(d) + 4*m(d). List the prime factors of h(-4).
2, 29
Suppose -13*d + 30 = -11*d. Suppose d*f = 18*f - 351. What are the prime factors of f?
3, 13
Suppose 1446 = -5*l + 2*l. Let z = l - -681. What are the prime factors of z?
199
Let n = 763 - 460. List the prime factors of n.
3, 101
Suppose -4*u + 2*h + 54 = -2*u, -h = 4*u - 128. What are the prime factors of u?
31
Let r = 4 + 4. Suppose -5*w = -23 + r. List the prime factors of 16 - (w - 3)/(-1).
2
Let r be 6/(-4)*((-3940)/15 + -2). Suppose 305 + r = 6*n. What are the prime factors of n?
3, 13
Let l(r) be the second derivative of -r**5/20 - 7*r**4/12 + r**3 + 13*r**2/2 + 10*r. List the prime factors of l(-9).
11
Let v(q) = 8*q**2 - 7*q - 4*q**2 + 2*q**2 - 9 - q**3. What are the prime factors of v(-5)?
7, 43
Let v(n) = 9*n + 7. Let a(y) = -45*y - 36. Let g(m) = 2*a(m) + 11*v(m). List the prime factors of g(6).
59
What are the prime factors of (-26)/(-91) - (-1 - 4278/21)?
5, 41
Suppose -2*c + 3210 = 5*j, 0*c + c + 642 = j. What are the prime factors of j?
2, 3, 107
Let j(g) = -g**2 + 3*g - 9. Let m be j(5). Let x = m + 65. List the prime factors of x.
2, 23
List the prime factors of 656/3 - (-92)/69.
2, 5, 11
Suppose 4*y + 38 = 3*u, 2*u + 16 = 3*u + 2*y. Suppose 3 - 11 = k. Let c = u + k. List the prime factors of c.
2, 3
Let k = 75 + -70. Suppose -4*n + 3*i = -2*n - 107, 2*n - 147 = -k*i. List the prime factors of n.
61
Let g = 671 - 329. List the prime factors of g.
2, 3, 19
List the prime factors of 1283*(6 + -9 - -6).
3, 1283
Suppose 0 = -2*n + d + 30, n - 3*n + 4*d + 24 = 0. Suppose a - 4*r + 2 = 0, -a - 5*r + n = -9. What are the prime factors of a?
2, 5
Suppose -3*i - 2*w = -1 - 4, -5*i - w = -13. Suppose 0 = -2*z + i*z - 62. What are the prime factors of z?
2, 31
Let d = -168 + 197. Let x(u) = u**3 + u + 1. Let i be x(0). List the prime factors of (9 - 6) + d/i.
2
Let q = 21 - -95. Suppose -2*c + 6 + q = 0. What are the prime factors of c?
61
What are the prime factors of ((-1310)/(-8))/((-106)/(-848))?
2, 5, 131
Suppose -4*n + u + 347 = 0, -5*n + 74 = -4*n + 4*u. Suppose 5*t = -3*f - 2*f - 265, 5*f - 159 = 3*t. Let p = t + n. List the prime factors of p.
3, 11
Suppose -4*v - 16 = 2*n, 5*n = -0*v + v - 40. Let i = 164 + n. List the prime factors of i.
2, 3, 13
Let m(q) = -q**2 - 80*q + 25. What are the prime factors of m(-27)?
2, 7, 13
Let f(b) = -b - 4. Let s be f(-12). Suppose -4*v + 7 + 13 = 0. Suppose v*a - s = a. List the prime factors of a.
2
Let b(g) = g**3 + 3*g**2 + g. Let a = 5 - 7. Let k be b(a). What are the prime factors of (-2)/(((-12)/21)/k)?
7
Suppose -3*n - 143 = -815. Suppose 0 = q - 77 - 29. Suppose u = 4*m - n + 48, -q = -2*m + 5*u. List the prime factors of m.
43
Let y(j) = j**2 - 8*j + 7. Let t be y(6). Suppose b - d + 6 - 17 = 0, 4*b + 5*d = 44. Let g = b + t. What are the prime factors of g?
2, 3
Let d(x) = 1842*x - 51. List the prime factors of d(1).
3, 199
Suppose -2*a + 3*a - 1 = 0. Let g be ((-2)/(-5))/(-6 - 174/(-30)). List the prime factors of a + 47 - (g - 2).
2, 13
Suppose 4*n - n + 646 = 2*t, -3*n - 1304 = -4*t. Suppose t = b + 5*l, 4*b + 5*l - 1232 = 6*l. List the prime factors of b.
3, 103
Suppose -5 = -2*g - 1. Let r be 444/(-9) - g/(-6). Let y = r + 83. List the prime factors of y.
2, 17
Let r = 8 + -3. Suppose 2*o - 111 + 542 = r*g, 0 = 2*g + 3*o - 161. List the prime factors of g.
5, 17
Suppose 0 = -3*a - 9, 4*q - 2*a + 5*a = 331. Let g = q - -5. What are the prime factors of g?
2, 3, 5
Suppose -2*x + 46 = -2*y + 14, -65 = 5*y - 2*x. Suppose -44 = -0*l - 2*l. Let m = l + y. What are the prime factors of m?
11
Let i = 19 + -21. Let m be i*31*(-2)/1. Suppose 2*z = -2*h + m, 2*h - 5*z = 4*h - 118. What are the prime factors of h?
2
Let f(l) = -7*l - 6. Let i(v) = -2*v + 14. Let b be i(10). List the prime factors of f(b).
2, 3
Let x(o) = -16*o**2 + 3*o - 2. Let a(v) = -8*v**2 + v - 1. Let k(q) = 10*a(q) - 6*x(q). What are the prime factors of k(-3)?
2, 5, 17
Let z(o) = o**3 - 6*o**2 + 6*o - 1. Let c be z(5). Let s be 3/(-3 + c) + -3. Suppose g - 3*r - 21 = s, -5*g = -4*r - 47 - 14. List the prime factors of g.
3
Let r = 941 + 923. List 